{"id":124,"date":"2013-12-02T20:18:35","date_gmt":"2013-12-02T20:18:35","guid":{"rendered":"http:\/\/www.primaactiva.cl\/?page_id=124"},"modified":"2014-11-23T22:08:32","modified_gmt":"2014-11-23T22:08:32","slug":"emergencias","status":"publish","type":"page","link":"https:\/\/www.primaactiva.cl\/?page_id=124","title":{"rendered":"Emergencias"},"content":{"rendered":"<h1><span style=\"color: #ff0000;\">Emergencias\u00a0Veh\u00edculos<\/span><\/h1>\n<p><strong>\u00a0En caso de accidente:<\/strong><\/p>\n<p>1.- Anote los datos que identifiquen a los veh\u00edculos y\/o conductores que participaron en el accidente.<br \/>\n2.- Deje constancia en Carabineros (inmediatamente en la unidad policial m\u00e1s cercana al lugar de ocurrencia, salvo imposibilidad f\u00edsica debidamente justificada).<br \/>\n3.- Ingrese\u00a0<a href=\"http:\/\/denunciosweb.bciseguros.cl\/\">aqu\u00ed<\/a>\u00a0para realizar su denuncio ante Bci Seguros o llame al (+56 2)26799700\u00a0 o al 600 6000 292.<\/p>\n<p>El plazo para denunciar el siniestro ante la compa\u00f1\u00eda de seguros, es de\u00a0<strong>10 d\u00edas corridos<\/strong>.<\/p>\n<p><b>En caso de robo:<\/b><\/p>\n<p>1.-Deje una denuncia (no constancia) inmediatamente en la Unidad Policial m\u00e1s cercana al robo, salvo imposibilidad f\u00edsica debidamente justificada).<br \/>\n2.-Ingrese\u00a0<a href=\"http:\/\/denunciosweb.bciseguros.cl\/\">aqu\u00ed<\/a>\u00a0para realizar su denuncio ante Bci Seguros o llame al (+56 2)26799700\u00a0 o al 600 6000 292.<br \/>\n3.-En caso de robo el denuncio debe ser informado\u00a0<strong>inmediatamente<\/strong>\u00a0a la compa\u00f1\u00eda.<br \/>\n<b><span style=\"font-family: Georgia;\">En caso de terceros involucrados:<\/span><\/b><\/p>\n<p>1.- En caso de existir lesionados producto del accidente, no deje el lugar hasta que llegue Carabineros.<br \/>\n2.- Recopilar informaci\u00f3n que permita identificar al tercero (nombre, Rut, tel\u00e9fono del conductor, veh\u00edculo, patente, etc.).<br \/>\n3.-Si el tercero tiene seguro, anote el nombre de la Compa\u00f1\u00eda.<\/p>\n<p>Tenga presente que No debe llegar a acuerdos, ni transacciones, ni ofertas de ninguna especie, con el tercero afectado. S\u00f3lo se\u00f1alar la existencia de una p\u00f3liza con Bci Seguros.<\/p>\n<div class=\"divider\"><\/div>\n<p>&nbsp;<\/p>\n<h1><span style=\"color: #ff0000;\"><b>Emergencias\u00a0Hogar<\/b><\/span><\/h1>\n<p>En caso de Robo:<\/p>\n<p>1.- Denuncie inmediatamente a carabineros para que esta entidad constate los hechos.<br \/>\n2.- Realice el denuncio presionando\u00a0<a href=\"http:\/\/denunciosiniestrohogar.bciseguros.cl\/Web\/Clientes\/Denuncio.aspx\">aqu\u00ed\u00a0<\/a>o tome contacto con nuestro Centro de Respuesta Inmediata (CRI) al 600 6000 292.<\/p>\n<p>En caso de Incendio:<\/p>\n<p>1.- Denuncie inmediatamente a carabineros y bomberos para que estas entidades constaten los hechos.<br \/>\n2.- Realice el denuncio presionando\u00a0<a href=\"http:\/\/denunciosiniestrohogar.bciseguros.cl\/Web\/Clientes\/Denuncio.aspx\">aqu\u00ed<\/a>\u00a0o tome contacto con nuestro Centro de Respuesta Inmediata (CRI) al 600 6000 292.<\/p>\n<p>En caso de Rotura de Ca\u00f1er\u00edas (agua potable, alcantarillado o calefacci\u00f3n)<\/p>\n<p>1.- Corte los suministros de la red de agua potable o calefacci\u00f3n.<br \/>\n2.- En caso de rotura del alcantarillado, inhabilite la red.<br \/>\n3.- Tome contacto con nuestro Centro de Respuesta Inmediata (CRI) al 600 6000 292.<\/p>\n<p><strong>NOTA:<\/strong>\u00a0En cualquiera de los casos anterior, recuerde que como asegurado, debe tomar todas las medidas necesarias, para minimizar los da\u00f1os o un incremento de los mismos.<\/p>\n<div class=\"divider\"><\/div>\n<h1><\/h1>\n<h1><span style=\"color: #ff0000;\"><b>Emergencias\u00a0SOAP<\/b><\/span><\/h1>\n<p>1.- Denunciar el hecho en la unidad de carabineros m\u00e1s cercana.\u00a0<b>La denuncia debe ser realizada inmediatamente despu\u00e9s de ocurrido el siniestro, y aseg\u00farese de que contenga lo siguiente<\/b>:<\/p>\n<ul>\n<li>Identificaci\u00f3n de las placas patentes de todos los veh\u00edculos involucrados.<\/li>\n<li>Individualizaci\u00f3n (rut y nombre completo) de las personas que resultaron lesionadas en el accidente.<\/li>\n<li>Indicaci\u00f3n del veh\u00edculo en que viajaba cada una de las personas.<\/li>\n<li>Especificaci\u00f3n de la fecha, la hora y el lugar donde ocurri\u00f3 el siniestro.<\/li>\n<\/ul>\n<p>2.- Solicitar fotocopia del parte cursado por carabineros con timbres originales, en el tribunal competente o el ministerio p\u00fablico, o bien, el certificado original de acuerdo al parte enviado al tribunal.\u00a0<b>Recuerde que este documento debe contener los datos del accidente, se individualizan las personas heridas o fallecidas, los veh\u00edculos involucrados.<\/b><\/p>\n<p>3.- Presentar a BCI Seguros la siguiente documentaci\u00f3n:<\/p>\n<ul>\n<li>El parte o certificado del accidente.<\/li>\n<li>Los documentos que acrediten la muerte o la incapacidad permanente, en caso que aplique.<\/li>\n<li>Documentos de respaldo de los gastos m\u00e9dicos y hospitalarios.<\/li>\n<li>Documentos que acrediten la calidad de beneficiario del SOAP.<\/li>\n<\/ul>\n<p>Es importante destacar que mientras m\u00e1s completa este la informaci\u00f3n requerida, m\u00e1s r\u00e1pido ser\u00e1 el proceso de liquidaci\u00f3n.<\/p>\n","protected":false},"excerpt":{"rendered":"<p>Emergencias\u00a0Veh\u00edculos \u00a0En caso de accidente: 1.- Anote los datos que identifiquen a los veh\u00edculos y\/o conductores que participaron en el accidente. 2.- Deje constancia en Carabineros (inmediatamente en la unidad policial m\u00e1s cercana al lugar de ocurrencia, salvo imposibilidad f\u00edsica debidamente justificada). 3.- Ingrese\u00a0aqu\u00ed\u00a0para realizar su denuncio ante Bci Seguros o llame al (+56 2)26799700\u00a0 [&hellip;]<\/p>\n","protected":false},"author":1,"featured_media":0,"parent":0,"menu_order":0,"comment_status":"closed","ping_status":"open","template":"","meta":[],"_links":{"self":[{"href":"https:\/\/www.primaactiva.cl\/index.php?rest_route=\/wp\/v2\/pages\/124"}],"collection":[{"href":"https:\/\/www.primaactiva.cl\/index.php?rest_route=\/wp\/v2\/pages"}],"about":[{"href":"https:\/\/www.primaactiva.cl\/index.php?rest_route=\/wp\/v2\/types\/page"}],"author":[{"embeddable":true,"href":"https:\/\/www.primaactiva.cl\/index.php?rest_route=\/wp\/v2\/users\/1"}],"replies":[{"embeddable":true,"href":"https:\/\/www.primaactiva.cl\/index.php?rest_route=%2Fwp%2Fv2%2Fcomments&post=124"}],"version-history":[{"count":12,"href":"https:\/\/www.primaactiva.cl\/index.php?rest_route=\/wp\/v2\/pages\/124\/revisions"}],"predecessor-version":[{"id":136,"href":"https:\/\/www.primaactiva.cl\/index.php?rest_route=\/wp\/v2\/pages\/124\/revisions\/136"}],"wp:attachment":[{"href":"https:\/\/www.primaactiva.cl\/index.php?rest_route=%2Fwp%2Fv2%2Fmedia&parent=124"}],"curies":[{"name":"wp","href":"https:\/\/api.w.org\/{rel}","templated":true}]}}