{"id":94,"date":"2013-11-28T21:07:23","date_gmt":"2013-11-28T21:07:23","guid":{"rendered":"http:\/\/www.primaactiva.cl\/?page_id=94"},"modified":"2014-11-23T22:08:32","modified_gmt":"2014-11-23T22:08:32","slug":"seguros-para-empresas","status":"publish","type":"page","link":"https:\/\/www.primaactiva.cl\/?page_id=94","title":{"rendered":"Seguros para Empresas"},"content":{"rendered":"<div>\n<p>&nbsp;<\/p>\n<div>\n<table width=\"900\" border=\"0\">\n<tbody>\n<tr>\n<td colspan=\"3\" align=\"left\" valign=\"top\">\n<ul>\n<li>Seguro Colectivo de Salud<\/li>\n<li>Seguro colectivo de vida<\/li>\n<li>Seguros de Incendio, Perjuicios por Paralizaci\u00f3n.<\/li>\n<li>Seguro Integral para las PYMES<\/li>\n<li>Seguros para Comunidades de Edificios y Condominios<\/li>\n<li>Seguros para Veh\u00edculos Motorizados Particulares y Comerciales.<\/li>\n<li>Seguro de Equipo M\u00f3vil de Contratistas<\/li>\n<li>Seguros de Transporte A\u00e9reo, Mar\u00edtimo y\u00a0 Terrestre.<\/li>\n<li>Seguros de Responsabilidad Civil en todas las \u00e1reas.<\/li>\n<li>Seguros de Robo para empresas, comercio, oficinas.<\/li>\n<li>Seguros de Accidentes Personales Colectivo.<\/li>\n<li>Seguros de Garant\u00eda en general.<\/li>\n<li>Seguros de Cr\u00e9dito Domestico y de Exportaci\u00f3n<\/li>\n<li>Seguro para Equipos Electr\u00f3nicos<\/li>\n<li>Seguro Agr\u00edcola<\/li>\n<\/ul>\n<p>&nbsp;<\/td>\n<\/tr>\n<tr>\n<td align=\"left\" valign=\"top\"><img decoding=\"async\" loading=\"lazy\" alt=\"\" src=\"http:\/\/www.primaactiva.cl\/wp-content\/uploads\/2013\/11\/pa11.jpg\" width=\"261\" height=\"201\" \/><\/td>\n<td align=\"left\" valign=\"top\" width=\"30\"><\/td>\n<td align=\"left\" valign=\"top\">\n<div><b>Incendio y adicionales<\/b><\/div>\n<div align=\"justify\">Proteger el patrimonio de su empresa es una necesidad b\u00e1sica. Nadie quiere perder su esfuerzo ni menos el sacrificio de toda una vida, incluso, de generaciones.<\/div>\n<div><b>Principales Coberturas<\/b><\/div>\n<ul>\n<li>Incendio Contenido y\/o mercader\u00edas<\/li>\n<li>Da\u00f1os materiales por explosi\u00f3n, huelga, saqueo, viento, inundaci\u00f3n, etc.<\/li>\n<li>Colapso de edificio<\/li>\n<li>Rotura de Cristales<\/li>\n<li>Remoci\u00f3n de escombros<\/li>\n<li>Responsabilidad Civil extracontractual por da\u00f1os materiales y\/o corporales que pudiera afectar a terceros derivados de su actividad<\/li>\n<li>Sismo<\/li>\n<li>Robo<\/li>\n<li>Instalaciones electr\u00f3nicas<\/li>\n<li>Da\u00f1os Causados por Granizo<\/li>\n<li>Da\u00f1os El\u00e9ctricos<\/li>\n<li>Da\u00f1os f\u00edsicos por construcci\u00f3n o demolici\u00f3n de edificios colindantes<\/li>\n<li>Asistencia Legal<\/li>\n<li>Aver\u00eda de maquinarias<\/li>\n<li>Remesa de valores<\/li>\n<li>Erupci\u00f3n volc\u00e1nica<\/li>\n<li>Descomposici\u00f3n de productos depositados en frigor\u00edficos<\/li>\n<li>Combusti\u00f3n espont\u00e1nea<\/li>\n<li>Da\u00f1os materiales causados por salida de mar<\/li>\n<li>Terrorismo<\/li>\n<\/ul>\n<\/td>\n<\/tr>\n<\/tbody>\n<\/table>\n<\/div>\n<div>\n<table width=\"900\" border=\"0\">\n<tbody>\n<tr>\n<td align=\"left\" valign=\"top\"><img decoding=\"async\" loading=\"lazy\" alt=\"\" src=\"http:\/\/www.primaactiva.cl\/wp-content\/uploads\/2013\/11\/pa12.jpg\" width=\"260\" height=\"200\" \/><\/td>\n<td align=\"left\" valign=\"top\" width=\"30\"><\/td>\n<td align=\"left\" valign=\"top\">\n<div><b>Veh\u00edculos y flotas<\/b><\/div>\n<div align=\"justify\">Destinado a asegurar la flota de veh\u00edculos que posea su empresa, porque sabemos que \u00e9stos constituyen su herramienta de trabajo o una parte importante de \u00e9l, usted puede ahora contar con un completo seguro para ellos.<\/div>\n<div><b>Principales Coberturas<\/b><\/div>\n<ul>\n<li>Da\u00f1os materiales<\/li>\n<li>Da\u00f1os por actos maliciosos, huelga y terrorismo<\/li>\n<li>Da\u00f1os por riesgos de la naturaleza, sismo, granizo<\/li>\n<li>Robo, hurto o uso no autorizado<\/li>\n<li>Robo de Accesorios<\/li>\n<li>Responsabilidad Civil subsecci\u00f3n da\u00f1o emergente, da\u00f1o moral y lucro cesante como l\u00edmite \u00fanico y combinado para las 3 subsecciones.<\/li>\n<li>Da\u00f1os materiales y Da\u00f1os a terceros causados por conductor dependiente<\/li>\n<li>Da\u00f1os materiales y Da\u00f1os a terceros causados por la carga<\/li>\n<li>Asistencia al Veh\u00edculo.<\/li>\n<li>Auto de reemplazo<\/li>\n<li>Defensa Penal<\/li>\n<li>Asistencia al Cami\u00f3n.<\/li>\n<li>P\u00e9rdida Total, Robo, Hurto o uso no autorizado.<\/li>\n<li>Da\u00f1os materiales por viaje al extranjero<\/li>\n<li>Asiento Pasajero<\/li>\n<\/ul>\n<\/td>\n<\/tr>\n<\/tbody>\n<\/table>\n<\/div>\n<div>\n<table width=\"900\" border=\"0\">\n<tbody>\n<tr>\n<td align=\"left\" valign=\"top\"><img decoding=\"async\" loading=\"lazy\" alt=\"\" src=\"http:\/\/www.primaactiva.cl\/wp-content\/uploads\/2013\/11\/pa13.jpg\" width=\"260\" height=\"200\" \/><\/td>\n<td align=\"left\" valign=\"top\" width=\"30\"><\/td>\n<td align=\"left\" valign=\"top\">\n<div><b>Transporte<\/b><\/div>\n<div align=\"justify\">El riesgo que tiene su empresa y\/o personas naturales que comercializan productos, durante la importaci\u00f3n o exportaci\u00f3n de \u00e9stos, es grande. Durante el trayecto de los bienes, antes de llegar a su destino, sea mar\u00edtimo, a\u00e9reo o terrestre, la posibilidad de que sufran alg\u00fan tipo de da\u00f1o no previsto es alto,y de paso, el capital que usted ha invertido en ellos, puede llevarlo al borde de la quiebra o simplemente terminar su empresa o negocio. Evitar este riesgo es posible con BCI Seguros, garantizando la tranquilidad de su negocio o empresa.<\/div>\n<div><b>Principales Coberturas<\/b><\/div>\n<ul>\n<li>Incendio, explosi\u00f3n, choque del medio transportador, capotar o volcar el medio transportador, gastos de reexpedici\u00f3n, p\u00e9rdida total constructiva<\/li>\n<li>Robo, hurto, rater\u00eda<\/li>\n<li>Falta de entrega<\/li>\n<li>Mermas<\/li>\n<li>Derrames<\/li>\n<li>P\u00e9rdidas por roturas<\/li>\n<li>Filtraciones<\/li>\n<li>Lluvia, agua dulce<\/li>\n<li>Humedad<\/li>\n<li>Nieve, granizo<\/li>\n<li>Incluencias de temperatura<\/li>\n<li>Manchas<\/li>\n<li>Acci\u00f3n directa o indirecta de otras mercader\u00edas<\/li>\n<li>Contacto con animales, insectos, ratones y roedores en general<\/li>\n<li>Sudor de bodega<\/li>\n<li>Quebraz\u00f3n<\/li>\n<li>Abolladuras<\/li>\n<li>Saltaduras<\/li>\n<li>Dobladuras<\/li>\n<li>Ralladuras<\/li>\n<li>Choque, colisi\u00f3n o contacto del medio transportador y su carga con objetos externos excepto agua. No obstante no se cubren los da\u00f1os provenientes de imperfecciones del camino (baches, zonas de reparaciones, desniveles, roturas o fracturas).<\/li>\n<li>Volcamiento o descarrilamiento<\/li>\n<li>Roturas de puentes, t\u00faneles, terraplenes y\/o otras obras de vialidad similares, excluyendo caminos<\/li>\n<li>Terremoto, derrumbes, avalanchas, inundaciones o desbordes de r\u00edos o causes de agua.<\/li>\n<li>P\u00e9rdida o da\u00f1o al objeto asegurado durante el transporte por mar, rio, lago o canal navegable, en tal caso se mantendr\u00e1 bajo la Cl\u00e1usula \u00abC\u00bb, de transporte mar\u00edtimo. (en caso de cobertura todo riesgo, se mantendr\u00e1 cubierto bajo la cl\u00e1usula \u00abA\u00bb de transporte mar\u00edtimo<\/li>\n<li>Contacto con animales, insectos, ratones y roedores en general<\/li>\n<li>Descarga forzosa, reembarque o transbordo<\/li>\n<li>Cambio de ruta<\/li>\n<li>Colisi\u00f3n<\/li>\n<li>Contacto de la nave (excepto agua)<\/li>\n<li>Aver\u00eda gruesa<\/li>\n<li>Echaz\u00f3n o Barrido de Cubierta<\/li>\n<li>Terremoto, erupci\u00f3n<\/li>\n<li>Rayo<\/li>\n<li>Entrada de agua de mar, rio o lago en la bodega de la nave, embarcaci\u00f3n, medio de transporte, contenedor, remolque o lugar de almacenaje.<\/li>\n<li>P\u00e9rdida total de cualquier bulto que se caiga por la borda o se desprenda durante la carga o descarga de la nave o embarcaci\u00f3n<\/li>\n<li>Carga y Descarga<\/li>\n<\/ul>\n<p>&nbsp;<\/p>\n<p><a title=\"worksite\" href=\"http:\/\/200.6.96.174\/bci_wsite\/Login_directo.aspx?id=76007195&amp;key=760071951&amp;id_log=1\" target=\"_blank\"><img decoding=\"async\" loading=\"lazy\" alt=\"\" src=\"http:\/\/www.primaactiva.cl\/wp-content\/uploads\/2013\/11\/pa14.jpg\" width=\"129\" height=\"146\" \/><\/a><\/td>\n<\/tr>\n<\/tbody>\n<\/table>\n<\/div>\n<\/div>\n<div><span style=\"color: blue;\">\u00a0<\/span><\/div>\n","protected":false},"excerpt":{"rendered":"<p>&nbsp; Seguro Colectivo de Salud Seguro colectivo de vida Seguros de Incendio, Perjuicios por Paralizaci\u00f3n. Seguro Integral para las PYMES Seguros para Comunidades de Edificios y Condominios Seguros para Veh\u00edculos Motorizados Particulares y Comerciales. Seguro de Equipo M\u00f3vil de Contratistas Seguros de Transporte A\u00e9reo, Mar\u00edtimo y\u00a0 Terrestre. Seguros de Responsabilidad Civil en todas las \u00e1reas. [&hellip;]<\/p>\n","protected":false},"author":1,"featured_media":0,"parent":0,"menu_order":0,"comment_status":"closed","ping_status":"closed","template":"","meta":[],"_links":{"self":[{"href":"https:\/\/www.primaactiva.cl\/index.php?rest_route=\/wp\/v2\/pages\/94"}],"collection":[{"href":"https:\/\/www.primaactiva.cl\/index.php?rest_route=\/wp\/v2\/pages"}],"about":[{"href":"https:\/\/www.primaactiva.cl\/index.php?rest_route=\/wp\/v2\/types\/page"}],"author":[{"embeddable":true,"href":"https:\/\/www.primaactiva.cl\/index.php?rest_route=\/wp\/v2\/users\/1"}],"replies":[{"embeddable":true,"href":"https:\/\/www.primaactiva.cl\/index.php?rest_route=%2Fwp%2Fv2%2Fcomments&post=94"}],"version-history":[{"count":7,"href":"https:\/\/www.primaactiva.cl\/index.php?rest_route=\/wp\/v2\/pages\/94\/revisions"}],"predecessor-version":[{"id":146,"href":"https:\/\/www.primaactiva.cl\/index.php?rest_route=\/wp\/v2\/pages\/94\/revisions\/146"}],"wp:attachment":[{"href":"https:\/\/www.primaactiva.cl\/index.php?rest_route=%2Fwp%2Fv2%2Fmedia&parent=94"}],"curies":[{"name":"wp","href":"https:\/\/api.w.org\/{rel}","templated":true}]}}